{"id":18,"date":"2024-10-11T10:00:38","date_gmt":"2024-10-11T10:00:38","guid":{"rendered":"https:\/\/xn--executorijudectoreti-9ic432d.ro\/?page_id=18"},"modified":"2024-11-14T17:05:25","modified_gmt":"2024-11-14T17:05:25","slug":"utile","status":"publish","type":"page","link":"https:\/\/xn--executorijudectoreti-9ic432d.ro\/index.php\/utile\/","title":{"rendered":"Utile"},"content":{"rendered":"\n<div class=\"wp-block-group alignfull has-ti-bg-alt-background-color has-background is-layout-flow wp-block-group-is-layout-flow\" style=\"min-height:0px;margin-top:0px;margin-bottom:0px;padding-top:64px;padding-right:24px;padding-bottom:64px;padding-left:24px;background-position:50% 50%;\">\n<div class=\"wp-block-columns is-layout-flex wp-container-core-columns-is-layout-28f84493 wp-block-columns-is-layout-flex\">\n<div class=\"wp-block-column is-layout-constrained wp-block-column-is-layout-constrained\">\n<div class=\"wp-block-buttons is-content-justification-center is-layout-flex wp-container-core-buttons-is-layout-a89b3969 wp-block-buttons-is-layout-flex\">\n<div class=\"wp-block-button\"><a class=\"wp-block-button__link wp-element-button\" href=\"#formulare\">Formulare<\/a><\/div>\n\n\n\n<div class=\"wp-block-button\"><a class=\"wp-block-button__link wp-element-button\" href=\"#legislatie\">Legisla\u021bie<\/a><\/div>\n\n\n\n<div class=\"wp-block-button\"><a class=\"wp-block-button__link has-text-align-center wp-element-button\" href=\"#linkutile\">Link-uri utile<\/a><\/div>\n<\/div>\n<\/div>\n<\/div>\n<\/div>\n\n\n\n<div class=\"wp-block-group alignfull has-ti-accent-background-color has-background is-layout-flow wp-block-group-is-layout-flow\" style=\"min-height:500px;margin-top:0px;margin-bottom:0px;padding-top:64px;padding-right:24px;padding-bottom:64px;padding-left:24px;background-image:url(&apos;https:\/\/xn--executorijudectoreti-9ic432d.ro\/wp-content\/uploads\/2024\/10\/Depositphotos_245325532_s-2019.jpg&apos;);background-position:50% 50%;background-size:cover;\">\n<div class=\"wp-block-columns is-layout-flex wp-container-core-columns-is-layout-28f84493 wp-block-columns-is-layout-flex\">\n<div class=\"wp-block-column is-layout-flow wp-block-column-is-layout-flow\"><\/div>\n<\/div>\n<\/div>\n\n\n\n<div class=\"wp-block-group alignfull has-ti-bg-alt-background-color has-background is-layout-constrained wp-container-core-group-is-layout-a8cabacf wp-block-group-is-layout-constrained\" style=\"min-height:0px;margin-top:0px;margin-bottom:0px;padding-top:64px;padding-right:24px;padding-bottom:64px;padding-left:24px\">\n<div class=\"wp-block-columns is-layout-flex wp-container-core-columns-is-layout-28f84493 wp-block-columns-is-layout-flex\">\n<div class=\"wp-block-column is-layout-constrained wp-block-column-is-layout-constrained\">\n<p class=\"has-large-font-size\" id=\"formulare\">Formulare de cereri<\/p>\n\n\n\n<p>V\u0103 inform\u0103m c\u0103 cererile pot fi desc\u0103rcate de pe site-ul nostru (lista de mai jos). Dup\u0103 desc\u0103rcare, v\u0103 rug\u0103m s\u0103 completa\u021bi informa\u021biile necesare, s\u0103 salva\u021bi fisierul \u0219i s\u0103 \u00eel trimite\u021bi ulterior pe adresa de email:<br><strong>office@executorijudec\u0103tore\u0219ti.ro<\/strong><\/p>\n<\/div>\n<\/div>\n\n\n\n<div class=\"wp-block-columns is-layout-flex wp-container-core-columns-is-layout-28f84493 wp-block-columns-is-layout-flex\">\n<div class=\"wp-block-column is-layout-flow wp-block-column-is-layout-flow\">\n<ul class=\"wp-block-list\">\n<li><a href=\"https:\/\/executorijudec\u0103tore\u0219ti.ro\/wp-content\/uploads\/2024\/10\/CERERE-DE-ADJUDECARE-IN-CONTUL-CREANTEI.pdf\" target=\"_blank\" rel=\"noreferrer noopener\">CERERE DE ADJUDECARE IN CONTUL CREANTEI<\/a><\/li>\n\n\n\n<li><a href=\"https:\/\/executorijudec\u0103tore\u0219ti.ro\/wp-content\/uploads\/2024\/10\/CERERE-DE-CONSTATARE-A-UNEI-STARI-DE-FAPT.pdf\" target=\"_blank\" rel=\"noreferrer noopener\">CERERE DE CONSTATARE A UNEI STARI DE FAPT<\/a><\/li>\n\n\n\n<li><a href=\"https:\/\/executorijudec\u0103tore\u0219ti.ro\/wp-content\/uploads\/2024\/10\/CERERE-DE-INSTITUIRE-A-POPRIRII-ASIGURATORII.pdf\" target=\"_blank\" rel=\"noreferrer noopener\">CERERE DE INSTITUIRE A POPRIRII ASIGURATORII<\/a><\/li>\n\n\n\n<li><a href=\"https:\/\/executorijudec\u0103tore\u0219ti.ro\/wp-content\/uploads\/2024\/10\/CERERE-DE-INSTITUIRE-A-SECHESTRULUI-ASIGURATOR.pdf\" target=\"_blank\" rel=\"noreferrer noopener\">CERERE DE INSTITUIRE A SECHESTRULUI ASIGURATOR<\/a><\/li>\n\n\n\n<li><a href=\"https:\/\/executorijudec\u0103tore\u0219ti.ro\/wp-content\/uploads\/2024\/10\/CERERE-EXECUTARE-SILITA.pdf\" target=\"_blank\" rel=\"noreferrer noopener\"><\/a><a href=\"https:\/\/executorijudec\u0103tore\u0219ti.ro\/wp-content\/uploads\/2024\/11\/CERERE-EXECUTARE-SILITA.pdf\">CERERE EXECUTARE SILIT\u0102<\/a><\/li>\n\n\n\n<li><a href=\"https:\/\/executorijudec\u0103tore\u0219ti.ro\/wp-content\/uploads\/2024\/10\/CERERE-OFERTA-REALA.pdf\" target=\"_blank\" rel=\"noreferrer noopener\">CERERE OFERTA REALA<\/a><\/li>\n\n\n\n<li><a href=\"https:\/\/executorijudec\u0103tore\u0219ti.ro\/wp-content\/uploads\/2024\/10\/CERERE-PARTICIPARE-LICITATIE.pdf\" target=\"_blank\" rel=\"noreferrer noopener\">CERERE PARTICIPARE LICITATIE<\/a><\/li>\n\n\n\n<li><a href=\"https:\/\/executorijudec\u0103tore\u0219ti.ro\/wp-content\/uploads\/2024\/10\/CERERE-RESTITUIRE-CAUTIUNE.pdf\" target=\"_blank\" rel=\"noreferrer noopener\">CERERE RESTITUIRE CAUTIUNE<\/a><\/li>\n\n\n\n<li><a href=\"https:\/\/executorijudec\u0103tore\u0219ti.ro\/wp-content\/uploads\/2024\/10\/CERERE-TRANSMITERE-NOTIFICARE.pdf\" target=\"_blank\" rel=\"noreferrer noopener\">CERERE TRANSMITERE NOTIFICARE<\/a><\/li>\n<\/ul>\n<\/div>\n<\/div>\n\n\n\n<div class=\"wp-block-columns is-layout-flex wp-container-core-columns-is-layout-28f84493 wp-block-columns-is-layout-flex\">\n<div class=\"wp-block-column is-layout-constrained wp-block-column-is-layout-constrained\">\n<div class=\"wp-block-buttons is-content-justification-right is-layout-flex wp-container-core-buttons-is-layout-d445cf74 wp-block-buttons-is-layout-flex\">\n<div class=\"wp-block-button is-style-outline is-style-outline--1\"><a class=\"wp-block-button__link wp-element-button\" href=\"https:\/\/xn--executorijudectoreti-9ic432d.ro\/index.php\/utile\/\">\u00cenapoi<\/a><\/div>\n<\/div>\n<\/div>\n<\/div>\n<\/div>\n\n\n\n<div class=\"wp-block-group alignfull has-ti-accent-background-color has-background is-layout-flow wp-block-group-is-layout-flow\" style=\"margin-top:0px;margin-bottom:0px;padding-top:64px;padding-right:24px;padding-bottom:64px;padding-left:24px\">\n<div class=\"wp-block-columns is-layout-flex wp-container-core-columns-is-layout-28f84493 wp-block-columns-is-layout-flex\">\n<div class=\"wp-block-column is-layout-constrained wp-block-column-is-layout-constrained\">\n<p class=\"has-large-font-size\" id=\"legislatie\">Legisla\u021bie<\/p>\n\n\n\n<p><strong>Lege nr. 188\/2000&nbsp;<em>din 01\/11\/2000 &#8211; Versiune actualizata la data de 01\/02\/2014<br><\/em><\/strong><a href=\"https:\/\/www.executori.ro\/legislatie\/legea188-2000\" target=\"_blank\" rel=\"noreferrer noopener\">https:\/\/www.executori.ro\/legislatie\/legea188-2000<\/a><\/p>\n\n\n\n<p><strong>Statut din 2010 al Uniunii Nationale a Executorilor Judecatoresti si al profesiei de executor judecatoresc<\/strong><br><a href=\"https:\/\/www.executori.ro\/legislatie\/statut\" target=\"_blank\" rel=\"noreferrer noopener\">https:\/\/www.executori.ro\/legislatie\/statut<\/a><\/p>\n\n\n\n<p><strong>PREVENIREA PENTRU COMBATEREA SI SPALARII BANILOR<\/strong><br><a href=\"https:\/\/www.executori.ro\/legislatie\/PCSB\" target=\"_blank\" rel=\"noreferrer noopener\">https:\/\/www.executori.ro\/legislatie\/PCSB<\/a><\/p>\n\n\n\n<div class=\"wp-block-buttons is-content-justification-right is-layout-flex wp-container-core-buttons-is-layout-d445cf74 wp-block-buttons-is-layout-flex\">\n<div class=\"wp-block-button is-style-outline is-style-outline--2\"><a class=\"wp-block-button__link wp-element-button\" href=\"https:\/\/xn--executorijudectoreti-9ic432d.ro\/index.php\/utile\/\">\u00cenapoi<\/a><\/div>\n<\/div>\n<\/div>\n<\/div>\n<\/div>\n\n\n\n<div class=\"wp-block-group alignfull has-ti-bg-alt-background-color has-background is-layout-flow wp-block-group-is-layout-flow\" style=\"margin-top:0px;margin-bottom:0px;padding-top:64px;padding-right:24px;padding-bottom:64px;padding-left:24px\">\n<div class=\"wp-block-columns is-layout-flex wp-container-core-columns-is-layout-28f84493 wp-block-columns-is-layout-flex\">\n<div class=\"wp-block-column is-layout-constrained wp-block-column-is-layout-constrained\">\n<p class=\"has-large-font-size\" id=\"linkutile\">Link-uri utile<\/p>\n\n\n\n<p>UNEJ<br><a href=\"https:\/\/www.executori.ro\/\" target=\"_blank\" rel=\"noreferrer noopener\">https:\/\/www.executori.ro\/<\/a><\/p>\n\n\n\n<p>Portalul Instan\u021belor de Judecat\u0103<br><a href=\"https:\/\/portal.just.ro\/SitePages\/acasa.aspx\" target=\"_blank\" rel=\"noreferrer noopener\">https:\/\/portal.just.ro\/SitePages\/acasa.aspx<\/a><\/p>\n\n\n\n<div class=\"wp-block-buttons is-content-justification-right is-layout-flex wp-container-core-buttons-is-layout-d445cf74 wp-block-buttons-is-layout-flex\">\n<div class=\"wp-block-button is-style-outline is-style-outline--3\"><a class=\"wp-block-button__link wp-element-button\" href=\"https:\/\/xn--executorijudectoreti-9ic432d.ro\/index.php\/utile\/\">\u00cenapoi<\/a><\/div>\n<\/div>\n<\/div>\n<\/div>\n<\/div>\n\n\n\n<p><\/p>\n","protected":false},"excerpt":{"rendered":"<p>Formulare de cereri V\u0103 inform\u0103m c\u0103 cererile pot fi desc\u0103rcate de pe site-ul nostru (lista de mai jos). Dup\u0103 desc\u0103rcare, v\u0103 rug\u0103m s\u0103 completa\u021bi informa\u021biile necesare, s\u0103 salva\u021bi fisierul \u0219i s\u0103 \u00eel trimite\u021bi ulterior pe adresa de email:office@executorijudec\u0103tore\u0219ti.ro Legisla\u021bie Lege nr. 188\/2000&nbsp;din 01\/11\/2000 &#8211; Versiune actualizata la data de 01\/02\/2014https:\/\/www.executori.ro\/legislatie\/legea188-2000 Statut din 2010 al Uniunii [&hellip;]<\/p>\n","protected":false},"author":1,"featured_media":0,"parent":0,"menu_order":0,"comment_status":"closed","ping_status":"closed","template":"","meta":{"footnotes":""},"class_list":["post-18","page","type-page","status-publish","hentry"],"_links":{"self":[{"href":"https:\/\/xn--executorijudectoreti-9ic432d.ro\/index.php\/wp-json\/wp\/v2\/pages\/18","targetHints":{"allow":["GET"]}}],"collection":[{"href":"https:\/\/xn--executorijudectoreti-9ic432d.ro\/index.php\/wp-json\/wp\/v2\/pages"}],"about":[{"href":"https:\/\/xn--executorijudectoreti-9ic432d.ro\/index.php\/wp-json\/wp\/v2\/types\/page"}],"author":[{"embeddable":true,"href":"https:\/\/xn--executorijudectoreti-9ic432d.ro\/index.php\/wp-json\/wp\/v2\/users\/1"}],"replies":[{"embeddable":true,"href":"https:\/\/xn--executorijudectoreti-9ic432d.ro\/index.php\/wp-json\/wp\/v2\/comments?post=18"}],"version-history":[{"count":34,"href":"https:\/\/xn--executorijudectoreti-9ic432d.ro\/index.php\/wp-json\/wp\/v2\/pages\/18\/revisions"}],"predecessor-version":[{"id":377,"href":"https:\/\/xn--executorijudectoreti-9ic432d.ro\/index.php\/wp-json\/wp\/v2\/pages\/18\/revisions\/377"}],"wp:attachment":[{"href":"https:\/\/xn--executorijudectoreti-9ic432d.ro\/index.php\/wp-json\/wp\/v2\/media?parent=18"}],"curies":[{"name":"wp","href":"https:\/\/api.w.org\/{rel}","templated":true}]}}